0 = -4*g + 2*s - 14. Determine q(g).
1
Let h(l) = -l**3 - 12*l**2 - 3*l - 43. Let c be h(-12). Let v(p) = -p**3 - 7*p**2 + p - 3. Calculate v(c).
-10
Let z(y) be the third derivative of -y**6/120 - 13*y**5/60 - 5*y**4/12 + 4*y**3 + 4*y**2 + 148. Give z(-12).
0
Let k(s) be the first derivative of 12 + 0*s - 1/2*s**2 + 2/3*s**3. Determine k(-1).
3
Let y(l) = -l - 6. Let n(m) = 14*m**2 - m + 1. Let a be n(1). Suppose -a = 2*k - k. Let d be ((-7)/k)/(3/(-36)). What is y(d)?
0
Let d = -26 - -24. Let v(u) = -2*u - 3. Let q be v(d). Let o(z) = -28*z + 5. Let w(n) = -14*n + 2. Let s(i) = -3*o(i) + 7*w(i). Calculate s(q).
-15
Let l be (-4)/14 - 74/(-14). Let p(t) be the second derivative of -t**4/12 + 7*t**3/6 - 2*t**2 + 104*t - 1. What is p(l)?
6
Suppose 2*k - 11 = -3*m, 4*m - 11 = 4*k - m. Suppose -5*b = -3*t - 9, 4*b + k - 3 = 5*t. Let d(h) = -2*h - 12*h**b - 2*h + 3*h + 8*h**3. Determine d(-1).
5
Suppose -2*t + t = -5*g - 140, 0 = -3*g + 5*t - 106. Let f = -25 - g. Let v(m) = m**2 + 5*m + 2*m**2 + 1 - f*m**2. What is v(-6)?
7
Let j(w) be the third derivative of w**4/8 + 7*w**3/6 + w**2. Suppose -4*t + 47 = -201. Let u = t - 67. Calculate j(u).
-8
Let n(o) = o**3 + o**2 - 2*o - 3. Let r be n(-2). Let f be r*((-3)/(-9) + 0). Let k(j) = 2*j + 1. Give k(f).
-1
Let k(y) = y**3 - 10*y**2 + 5*y + 34. Let a be k(9). Let w(u) = 9*u**2 - 3*u - 1. Calculate w(a).
41
Let x(h) = -6*h - 1. Let c(z) = 4 + 3*z + 13*z - 1 - 2*z. Let w(f) = 6*c(f) + 13*x(f). Give w(-4).
-19
Let k(x) = -1 - 9*x + 1 + 2. Let m(t) be the first derivative of 7*t**2 - 3*t - 41. Let r(q) = -8*k(q) - 5*m(q). Give r(-1).
-3
Let y be -15*(9/(-3) + 4). Let g(b) = b + 3. Give g(y).
-12
Let x be (60/4)/5 - 1. Let h(a) = x*a**2 - 3*a**3 + 10*a**3 - 1 - 6*a**3. Determine h(-1).
0
Let m(o) = o + 1. Let h(x) = -x**2 - 8*x + 4. Let w be 18/15 - 2/10. Let i(t) = w*h(t) + 4*m(t). What is i(-6)?
-4
Let b(x) = x + 4. Let r(a) = -5*a - 17. Let w(h) = -h**3 + h**2 - h - 1. Let p be w(-1). Let t(n) = p*r(n) + 9*b(n). Let z be ((-2)/2)/(2/(-10)). What is t(z)?
-3
Let s(r) be the second derivative of -11*r**4/6 + r**3/3 - r**2/2 - 40*r. Calculate s(1).
-21
Let r(h) = -h**3 + 7*h**2 - h - 8. Let k = 158 + -155. Suppose k*t - 24 = -3. Calculate r(t).
-15
Let p(i) = i - 9*i**2 + i - 1 + i**3 + i**2. Suppose -6*y + 322 = 274. What is p(y)?
15
Suppose -32*d + 120 = -12*d. Let i(c) = -c**3 + 5*c**2 + 2*c + 13. Give i(d).
-11
Let f be (-34)/8 - 21/(-84). Let m(z) = -7*z - 6. Determine m(f).
22
Let u = 87 + -87. Let c be 0/(u - -8)*(-1)/(-3). Let y(x) = x**3 + x**2 + x - 7. Give y(c).
-7
Let y(n) = n**2 + 10*n + 15. Let p be y(-8). Let q(c) = 2*c - 3. Let t(k) = k - 1. Let o(x) = -q(x) + 3*t(x). Give o(p).
-1
Let a(y) = -7*y**2 - 2 + 11*y**2 + 0 + 0. Determine a(-2).
14
Let q(u) = -u**2 + 6*u - 7. Suppose -2*y + 24 = 3*j, 4*j + 5*y - 26 - 13 = 0. Calculate q(j).
-7
Let c(r) = 1 - r**2 - 11 + 5 + 8*r. Let l be (-4)/(-18) - 4/18. Suppose 8*m - 15 = -2*o + 5*m, -3*o - 4*m + 22 = l. Determine c(o).
7
Let i(v) = -v**3 + 4*v**2 - 3*v + 4. Let a = -23 - -28. Suppose -t - a + 9 = 0. What is i(t)?
-8
Let d(v) = 2*v + 7. Let r(k) = -k**2 - 15*k - 21. Let b be r(-14). Give d(b).
-7
Suppose -3*o - 122 = -5*o. Let n(s) = -62*s**2 + 2*s + 7*s + o*s**2 - 8. Let r be n(7). Let c(t) = t**2 - 6*t - 1. What is c(r)?
-1
Let r = 769 - 782. Let y(k) = 4*k + 31. Calculate y(r).
-21
Let l = -2929 - -2916. Let g(b) = 9*b + 122. Determine g(l).
5
Let h(g) = -239*g**2 - 14*g + 6. Let u(s) = -84*s**2 - 5*s + 2. Let v(j) = -6*h(j) + 17*u(j). Determine v(2).
20
Let p be (-23)/((-1265)/(-390)) + (-1)/(-11). Let k(v) = v + 6. Calculate k(p).
-1
Let y(g) = g**3 + 2*g**2 - 3*g + 4. Let l(b) = -b**3 + 6*b**2 - 5*b + 6. Let p be l(5). Suppose o - p*o = -15. Let c = o + -6. Determine y(c).
4
Let m(i) = 13 - 3 - 8*i - 4 - 5. Suppose 13 + 19 = 2*v. Let f = v + -15. Give m(f).
-7
Let t(z) = -z**2 + z - 1. Suppose 5*l + 5*v = -110, 7*l - 4*l - 5*v + 106 = 0. Let g = 29 + l. Suppose 0 = g*j - 8 - 0. Give t(j).
-13
Let z = 298 - 284. Let f(y) = -2*y + 19. Determine f(z).
-9
Let q(p) = p**3 - 5*p**2 + 2*p + 5. Let h(n) = 4*n - 3*n + 3 - 2*n. Let s be h(8). Let w(g) = -g**3 - 6*g**2 - 7*g - 6. Let y be w(s). Calculate q(y).
-3
Let l(d) be the third derivative of -d**5/120 - d**4/12 - 13*d**3/6 + 25*d**2. Let x(k) be the first derivative of l(k). Suppose 0*u - 9 = 3*u. What is x(u)?
1
Let z(r) be the third derivative of -1/2*r**3 + 0 + 1/120*r**6 + 23*r**2 + 1/20*r**5 - 1/24*r**4 + 0*r. Let j = -5 - -2. What is z(j)?
0
Let g(b) be the second derivative of -b**3/6 - b**2/2 + 10*b - 10. Determine g(-7).
6
Let v(z) be the second derivative of z**3/2 + z**2/2 - z. Let k be 1/(-2)*(36 - 2). Let m = k + 14. What is v(m)?
-8
Let h(z) = 3*z - 4. Let s(f) = 5*f - 6. Let c(o) = 8*h(o) - 5*s(o). Let v be 1 - (0/(-3) + 2). Let l = 1 + v. What is c(l)?
-2
Let q(h) = -3*h**3 - h**2 + h + 2. Suppose -4 = a, 0 + 8 = y - 2*a. Suppose -f + 4*f + 10 = c, y = -2*c + 3*f + 8. Determine q(c).
20
Let r(t) be the second derivative of 2*t**4/3 + t**3/6 - t**2/2 - 16*t. Suppose -j + 3 = 2*j. Calculate r(j).
8
Let s(t) = t**2 - 2*t + 1 + 3*t**2 - t**3 + 4. Suppose -15 = -3*x - 6. Suppose 0 = -5*c - 4*q, 0*c - x*c + 4*q = -32. Determine s(c).
-3
Let h be (92/20 - 0)/(2/10). Let o = -22 + h. Let d(w) = -4*w**2 - 1. Give d(o).
-5
Let p(k) be the first derivative of k**3/3 + 7*k**2/2 + 4*k - 7. Let z = 3 - 9. Give p(z).
-2
Let o(k) = -4 + 4 + 4*k - 1 - 8*k. Let v(s) = -2*s - 5. Let q be v(-4). Suppose q = -0*l + l. Calculate o(l).
-13
Let o(t) = -5*t**2 - 15*t - 7. Let p(j) = 7*j**2 + 15*j + 8. Let z(g) = 3*o(g) + 2*p(g). Determine z(-14).
9
Let g(h) = 3*h - 4. Suppose m = 5*y + 14 + 2, 2*y + 10 = 4*m. What is g(y)?
-13
Let y(s) = -3*s + 6. Let q be y(4). Let m(d) = -d**3 - 12*d**2 + 11*d - 26. Let k be m(-13). Let r(o) = 3 + 0 + o + o + k. Calculate r(q).
-9
Let j(m) = 13 - 4 + 2 - 8*m + 0 - 9. What is j(-2)?
18
Let k(l) = -l**3 + 3*l**2 + 5*l - 1. Let s(f) = f - 2 + 9 + 6 + 0*f. Let h be s(-11). Suppose 0 = -h*g - 0*g - 4*t - 12, -5*g = -5*t - 45. Determine k(g).
3
Let i(t) = t**3 + 5*t**2 + 4*t + 2. Let m be i(-4). Suppose -w - 17 = -4*x, x - 24 = -3*w - 2*x. Let o(k) = 3*k**3 - w*k**2 + 14 + 8 - 22. Give o(m).
12
Let s(g) = -g**3 + g**2 + g + 2. Suppose 0*r - r = -42. Let v = r - 40. Give s(v).
0
Let x(o) be the second derivative of -5/6*o**3 - 9/2*o**2 + 0 - 16*o - 1/2*o**4 - 1/20*o**5. Determine x(-6).
21
Let h(n) = -6*n**3 - 4*n**2 + 3*n + 4. Let l(c) = -7*c**3 - 6*c**2 + 5*c + 3. Let x(g) = 6*h(g) - 5*l(g). Calculate x(5).
-1
Suppose 2*j - m + 44 = -2*j, m = 5*j + 54. Suppose 4*g - 23 + 71 = 0. Let y = g - j. Let s(w) = w**2 + 2*w + 2. Determine s(y).
2
Let k(p) = p - 2. Let o = 242 - 166. Let j = o - 70. Give k(j).
4
Let w(m) = -3*m + 2. Let g(p) = -88*p + 60. Let r(h) = g(h) - 28*w(h). Let t = 7 + -10. Determine r(t).
16
Let k(c) = -16*c + 89. Let q(d) = 33*d - 194. Let p(z) = 13*k(z) + 6*q(z). What is p(-4)?
33
Let a(u) = -3*u**2 + u - 1. Let w = -7 + 11. Suppose -w*t + 10 = t. Let p = -1 + t. What is a(p)?
-3
Let i be -3 + 2 + 1 - -1. Let v be (-38)/8 - i/4. Let o(n) = n**2 + 6*n + 5. Calculate o(v).
0
Let r(w) be the first derivative of -11*w**2/2 - 6*w - 634. Determine r(3).
-39
Let a(l) be the second derivative of -l**3/2 - l. Let s be ((-6)/(-9))/(2/192*4). Suppose -5*n = 9 + s. Give a(n).
15
Let f(a) = 2*a**3 + 4*a**2 - 8*a - 4. Let l = 1738 + -1741. Give f(l).
2
Let l(o) = o - 9. Let k(s) be the third derivative of s**4/24 - 3*s**3/2 - 9*s**2. Let f(y) = 3*k(y) - 2*l(y). Calculate f(0).
-9
Let q(i) = i**2 + i + 1. Suppose -2*c = -0*c. Let g be (2 - -9) + 2 + 0. Suppose c = g*u - 8*u. Determine q(u).
1
Suppose 1 = -4*v + 9. Suppose v - 10 = -2*c. Let u(z) = c - 2*z + 2*z**2 - z**3 + 0*z + 3*z. Calculate u(3).
-2
Let z = 1005 + -995. Let j(k) = -k**2 + 10*k. What is j(z)?
0
Let h = 7529 + -7529. Let u(x) = 7*x + 29. Let n(p) = 6*p + 28. Let v(i) = 6*n(i) - 5*u(i). Determine v(h).
23
Suppose 0 = -53*s + 54*s - 4. Let n = 10 + -5. Suppose 5 = 3*f - n*i, -5*i - 1 = s. Let v(h) = h**2 + h - 13. Determine v(f).
-13
Let n = -2 + 32. Let s(y) = -5*y - n + 27 + 3*y. Calculate s(5).
-13
Let u(v) = 8*v + 3. Let o(c) = 17*c + 7. Let g(y) = 4*o(y) - 9*u(y). What is g(-3)?
13
Let b(s